est common divisor of c and h.
27
Suppose 5*a + 3*i - 69 = 0, 3*a - 5*a + 33 = 3*i. Let g = 609 - 525. What is the greatest common divisor of g and a?
12
Let f(r) = -41*r - 6. Let h be f(-3). What is the highest common divisor of h and 195?
39
Suppose 2*y + 1 = -0*y + c, 0 = 4*y - 5*c + 5. Let h(r) = r**2 - r + 4. Let f be h(y). What is the greatest common factor of 16 and f?
4
Let i be 51/((-2)/8 - (-81)/180). What is the highest common divisor of 60 and i?
15
Let n = -27 - -53. Let u be 4/n - (-37)/13. Suppose 53 + 112 = u*k. Calculate the highest common divisor of 11 and k.
11
Let s(h) = -h**3 - h**2 - 9. Let u be s(-4). Suppose -37*k + 40*k - u = 0. Calculate the greatest common factor of k and 247.
13
Suppose 26*f - 249 = -41. What is the highest common factor of f and 2?
2
Suppose -4*y - 5*w + 0*w = -36, -45 = -5*y + 4*w. Calculate the greatest common factor of 279 and y.
9
Suppose 4*m = -2*f + 426, 3*f = -3*m + 121 + 203. Calculate the greatest common factor of m and 120.
15
Let d(x) = 220*x**2 - 9*x - 9. Let g be d(-1). What is the highest common factor of 66 and g?
22
Let l(w) = 4*w - 1. Let c be l(4). Suppose -7*f = 73*f - 4800. Calculate the highest common factor of c and f.
15
Suppose 0 = -7*m + 96 + 786. What is the highest common divisor of m and 162?
18
Suppose -u + 5*j - 23 = 0, 4*u + 3 = 2*j + 1. Suppose -3*i - 2*h = -54, u*i - h = -4*h + 31. What is the highest common divisor of 140 and i?
20
Let k(t) = -2*t + 1. Let u(r) = 3*r + 9. Let y(v) = 2*k(v) + u(v). Let b be y(-13). Calculate the greatest common factor of 264 and b.
24
Let m be (-3)/(3/(-80))*1. Suppose 7*a + 3280 = 3560. What is the greatest common factor of a and m?
40
Let g be (-3)/(-27) - 52/(-18). Let t(q) = q - 4. Let s be t(5). What is the greatest common divisor of s and g?
1
Let s(r) = r**2 - 4*r - 118. Let j be s(14). What is the greatest common divisor of 1199 and j?
11
Let b be (2 + (-14)/10)*5. Suppose -b*s + 132 = -612. Calculate the greatest common factor of s and 31.
31
Let d(v) = 3*v - 1. Let g be d(-14). Let o(y) = 2*y**2 - 5*y + 5. Let z be o(7). Let x = z + g. What is the greatest common divisor of x and 5?
5
Let n = 39 - 23. Calculate the greatest common divisor of n and 144.
16
Suppose 176 = -3*n - 436. Let c be 3*n/(-9)*3. Calculate the greatest common factor of 12 and c.
12
Suppose -2*f + 4*f = 0. Suppose 4*c + 5*m = 126, -5*c + f*m + 149 = 2*m. What is the highest common factor of c and 232?
29
Let n = -40 - -14. Let m be (-2)/52*4 + (-1824)/n. Calculate the highest common factor of m and 28.
14
Suppose -3*j + 170 = 4*x, -2*j - 35 = -x + j. Let g = x - 27. Suppose 0*r + r = 3*v - g, v - 3 = 2*r. Calculate the highest common factor of 1 and r.
1
Let k(v) = -32*v + 6. Let w be k(-6). Suppose 16*r - 74 = 6 + 208. Calculate the highest common divisor of r and w.
18
Let d = 458 + -346. What is the highest common factor of d and 64?
16
Suppose 8*n - 3*n - 20 = 0. Suppose -n*g + 176 = -2*g. What is the greatest common factor of g and 22?
22
Let u be (-17 - -9)*102/(-4). Calculate the highest common divisor of u and 34.
34
Suppose 5*j = 115 - 10. Let n be (162/j)/(34/28 + -1). Calculate the highest common divisor of 90 and n.
18
Suppose -3*j = -4*j + 13. Let b = 106 + 37. What is the greatest common factor of j and b?
13
Let w be (7 - 29) + (-1)/(-1). Let d be (1/1)/((-7)/w). Let s(p) = -p**2 + 5*p + 4. Let x be s(d). What is the greatest common divisor of 20 and x?
10
Suppose a + 3 = 2*a. Suppose -4*s - a*r = -87, -3*s + 6*r = 2*r - 59. What is the highest common factor of 3 and s?
3
Let a(w) = 50*w**2 - w. Let m be a(-1). Suppose 0 = 5*b + 16 - m. Let d(o) = o - 3. Let v be d(4). What is the highest common factor of v and b?
1
Let t = -334 + 476. What is the greatest common divisor of t and 6?
2
Let z = -287 + 296. What is the highest common divisor of 144 and z?
9
Suppose 2*r - 2 = -3*y, -y = y + 2*r. Suppose 14 = 6*f + y. Suppose -f*b = -b - 50. What is the highest common divisor of b and 20?
10
Suppose 432 = -20*q + 29*q. Calculate the greatest common factor of 512 and q.
16
Let y be ((-66)/5)/(9/(-30)). Let z be -12*(1 - 8/6). Calculate the highest common factor of z and y.
4
Let j = 350 - 238. Calculate the greatest common factor of j and 28.
28
Let p(l) = l**3 - 84*l**2 - 84*l - 10. Let r be p(85). Calculate the greatest common factor of r and 10.
5
Let m = -144 + 169. Calculate the highest common factor of m and 25.
25
Let d = -9 + 10. Let u be (-4)/8 + ((-15)/(-2))/d. Suppose 5*y - 60 = 80. What is the greatest common divisor of y and u?
7
Suppose -890 = -6*n + 238. Calculate the highest common factor of n and 329.
47
Suppose -5*t = -2*k + 41, -5*t - 20 = 5*k - 35. Calculate the highest common divisor of 4 and k.
4
Suppose -5*i + 2*i + 159 = -o, -i = 5*o - 53. Let w = -42 + i. Calculate the highest common factor of 99 and w.
11
Let b(r) = -22*r - 400. Let k be b(-24). Suppose 3*w - 36 = 3*f, f + 2*f = 5*w - 68. What is the highest common factor of w and k?
16
Let f(m) = m**2 - 11*m - 30. Let d be f(18). Suppose -3*o + d = 2*l, 0 = l - 3. What is the highest common factor of o and 30?
30
Let j be (756/(-15)*2)/(27/(-90)). Calculate the greatest common divisor of j and 48.
48
Let s be 103/515 - (-764)/5. Calculate the highest common divisor of 9 and s.
9
Let u(i) = i**3 - 4*i**2 - i + 4. Let w be u(4). Let l be ((-9)/(-12))/(w - 1/(-4)). Calculate the highest common factor of 42 and l.
3
Let o = -122 + 123. Let j be (-6*2/10)/(o/(-20)). What is the greatest common factor of j and 108?
12
Let z = -33 + 14. Let p = z - -15. Let d be -2*(3 + 30/p). Calculate the highest common factor of 9 and d.
9
Let q(m) = -m**2 - 6*m. Let r be q(-6). Suppose 5*s - 87 - 73 = r. Suppose -s - 4 = -4*w. Calculate the greatest common factor of 54 and w.
9
Let i be 4 + (-40)/(-2) + 1. What is the highest common divisor of i and 50?
25
Suppose -4*v + 43 = 3*b, b + 7 = -2*v + 22. Let w be (0 - 2) + 3 + 2. Suppose -w*x - 43 = -160. What is the highest common divisor of x and b?
13
Suppose -5*b = -46 + 6. Let k(t) = t + 16. Let w be k(-15). Let m be 320/6*12*w/10. What is the highest common factor of b and m?
8
Let g = 20 - 12. Let y(i) = -i**3 + 30*i**2 + i - 10. Let s be y(30). What is the greatest common factor of g and s?
4
Let f(n) = -8 + 3*n - 3*n - 8*n. Let b be f(-6). Suppose -5*w + 54 = 5*c - c, 0 = 3*w + 3*c - 33. What is the greatest common factor of w and b?
10
Let k(a) = -5*a**2 + 396 + 28*a - 12*a - 391 + a**3 - 17*a. Let z(i) = -i**2 + 7. Let y be z(0). Let x be k(y). What is the highest common factor of x and 12?
12
Suppose -4*b - 5*r = -71, r - 27 = -5*b + 88. Suppose -2*i + 17 = -31. What is the highest common factor of b and i?
24
Let n(r) = -r**3 - 35*r**2 + 32*r - 49. Let s be n(-36). What is the greatest common factor of 20 and s?
5
Suppose -1 = y, 2*c + 2*y + 45 = 15. Let u = c - -20. Suppose -u*f + 16 + 50 = 0. Calculate the greatest common divisor of 11 and f.
11
Let v(u) = -u + 7. Let m be v(3). Suppose m*k - 97 = 7. Let l be 209 + 0 + (0 - 1). What is the greatest common divisor of k and l?
26
Let o = -4 + 2. Let b(r) = 7*r**2 + 3*r + 2. Let g be b(o). Let u be 4/((-8)/(-1))*g. Calculate the greatest common factor of u and 72.
12
Suppose -15*b = -13*b - 4*q - 280, -b - 4*q = -170. What is the greatest common factor of 120 and b?
30
Suppose 13 = 3*z - 23. Let w(x) = -19*x**2 + 20*x**2 + z*x - 16 + 6. Let d be w(-14). Calculate the greatest common factor of 27 and d.
9
Let g be (0 - 5)*13/10*8. Let l = g - -60. Calculate the highest common divisor of 20 and l.
4
Suppose 0 = -4*i + 2 + 14. Suppose 0 = -i*h + 25 - 9. Suppose 5*o + y - 59 = -8, 4*o = 5*y + 35. Calculate the highest common divisor of h and o.
2
Let d = 22 - 10. Suppose -2*u + 5 = 3*q, -5*q - 30*u = -28*u - 11. What is the greatest common factor of d and q?
3
Suppose -293 - 31 = 4*z. Let i = -71 - z. Calculate the greatest common factor of i and 10.
10
Suppose -4*h + 4*t = -12, -2 = -3*h - 3*t - 5. Let q be (-13)/((h - -3)/(-8)). What is the highest common factor of q and 13?
13
Let o = 5 + -2. Suppose 0 = -o*p + m + 85, -m + 24 = 2*p - 31. Calculate the highest common factor of p and 14.
14
Suppose 5*o - 2 = -x, 5*x - o - 33 = -3*o. Let t = -7 + 11. Suppose 3*c + c = t. What i